{"id":142,"date":"2020-02-06T20:30:22","date_gmt":"2020-02-06T19:30:22","guid":{"rendered":"https:\/\/printemps-giffois.org\/?page_id=142"},"modified":"2021-02-09T07:34:11","modified_gmt":"2021-02-09T06:34:11","slug":"mobilites","status":"publish","type":"page","link":"https:\/\/printemps-giffois.org\/index.php\/mobilites\/","title":{"rendered":"Mobilit\u00e9s"},"content":{"rendered":"\n<figure class=\"wp-block-image size-large\"><img loading=\"lazy\" decoding=\"async\" width=\"698\" height=\"707\" src=\"https:\/\/printemps-giffois.org\/wp-content\/uploads\/2020\/02\/image59-c.png\" alt=\"\" class=\"wp-image-509\" srcset=\"https:\/\/printemps-giffois.org\/wp-content\/uploads\/2020\/02\/image59-c.png 698w, https:\/\/printemps-giffois.org\/wp-content\/uploads\/2020\/02\/image59-c-296x300.png 296w\" sizes=\"auto, (max-width: 698px) 100vw, 698px\" \/><\/figure>\n\n\n\n<h2 class=\"has-text-align-center has-text-color wp-block-heading\" style=\"color:#57246d\">MIEUX SE D\u00c9PLACER \u00c0 GIF<\/h2>\n\n\n\n<p class=\"has-text-align-left\"><em>La commune de Gif est une ville \u00e9tendue, peu dense, avec des paysages vari\u00e9s, avec des d\u00e9nivel\u00e9s importants. Les centres \u00ab\u00a0Gif vall\u00e9e\u00a0\u00bb, Chevry et Plateau de Moulon sont distants les uns des autres. Cette configuration contraint les Giffois \u00e0 utiliser des moyens de transport pour se rendre aux diff\u00e9rents centres d\u2019activit\u00e9 : \u00e9coles, commerces, gares, lieux de travail, \u00e9quipements sportifs, culturels. La voiture est privil\u00e9gi\u00e9e, car elle constitue jusqu\u2019\u00e0 pr\u00e9sent le moyen le plus souple. Or la circulation automobile constitue une part importante des \u00e9missions de gaz \u00e0 effet de serre et des pollutions sonores. <\/em><strong><em>Nous voulons d\u00e9velopper une mobilit\u00e9 quotidienne bas carbone et am\u00e9liorer la mobilit\u00e9 de proximit\u00e9 pour toutes et tous.<\/em><\/strong><\/p>\n\n\n\n<p><em>Pour cela, en concertation avec les Giffoises et les Giffois, nous proc\u00e9derons de la mani\u00e8re suivante :<\/em><\/p>\n\n\n\n<h3 class=\"has-text-color wp-block-heading\" style=\"color:#57246d\">R\u00e9alisation d\u2019un diagnostic global des besoins<\/h3>\n\n\n\n<p>Afin de prendre en compte les \u00e9volutions \u00e0 court et moyen terme et \u00e9laboration d\u2019un Plan Pluriannuel d&rsquo;I nvestissement (PPI ) des mobilit\u00e9s.<\/p>\n\n\n\n<h3 class=\"has-text-color wp-block-heading\" style=\"color:#57246d\">D\u00e9veloppement des mobilit\u00e9s douces pour tous<\/h3>\n\n\n\n<p><strong>B\u00e2tir un plan v\u00e9lo et mobilit\u00e9s douces<\/strong> sur la dur\u00e9e de la mandature, avec pour objectif de doter la ville d\u2019un r\u00e9seau coh\u00e9rent et maill\u00e9 permettant de se d\u00e9placer de tout point de la commune vers tout autre, de fa\u00e7on efficace et s\u00fbre :<\/p>\n\n\n\n<ul class=\"wp-block-list\"><li>Am\u00e9liorer l\u2019\u00e9tat des chemins existants (tel le bassin de Gif-Bures), les entretenir r\u00e9guli\u00e8rement<\/li><li>Am\u00e9liorer la connectivit\u00e9 des pistes cyclables<\/li><li>Renforcer l\u2019\u00e9clairage dans le respect de l\u2019environnement<\/li><li>Installer des stationnements s\u00e9curis\u00e9s pr\u00e8s des \u00e9tablissements publics et des gares<\/li><li>D\u00e9velopper les liaisons cyclable-pi\u00e9tonne entre la vall\u00e9e et les quartiers de Moulon et de Chevry, ainsi qu&rsquo;intra vall\u00e9e en concertation avec la Communaut\u00e9 Paris Saclay (CPS) et les communes avoisinantes<\/li><li>G\u00e9n\u00e9raliser des v\u00e9los en libre-service<\/li><\/ul>\n\n\n\n<h3 class=\"has-text-color wp-block-heading\" style=\"color:#57246d\">Faciliter les d\u00e9placements de proximit\u00e9 \u00e0 pied pour tous les publics<\/h3>\n\n\n\n<ul class=\"wp-block-list\"><li>R\u00e9nover les trottoirs<\/li><li>Mettre en \u0153uvre un plan syst\u00e9matique de mise en conformit\u00e9 des acc\u00e8s et b\u00e2timents divers aux PMR (personne \u00e0 mobilit\u00e9 r\u00e9duite)<\/li><li>Faire respecter les r\u00e8gles de circulation \u00e0 30km\/h et 20km\/h, et la priorit\u00e9 pi\u00e9tonne dans ces zones, notamment par une sensibilisation des automobilistes et une \u00e9ducation des jeunes<\/li><li>\u00c9quiper les feux de circulation de syst\u00e8mes auditifs pour malvoyants<\/li><\/ul>\n\n\n\n<h3 class=\"has-text-color wp-block-heading\" style=\"color:#57246d\">D\u00e9veloppement des transports collectifs et partag\u00e9s<\/h3>\n\n\n\n<ul class=\"wp-block-list\"><li><strong>D\u00e9velopper les nouveaux modes<\/strong>, comme le covoiturage, le transport \u00e0 la demande, l\u2019auto partage. L\u2019exp\u00e9rience de \u00ab\u00a0Rezo pouce\u00a0\u00bb sera encourag\u00e9e et il sera cr\u00e9\u00e9 un \u00ab club d\u2019auto-stoppeurs \u00bb pour \u00e9changes et retour d\u2019exp\u00e9rience.<\/li><li><strong>Offrir \u00e0 la populatio<\/strong>n le moyen de se d\u00e9placer sans utilisation de voiture individuelle (personnes \u00e2g\u00e9es, PMR)<\/li><li>Instituer la gratuit\u00e9 des lignes de bus pour les personnes \u00e0 faibles revenus<\/li><li>Instituer un service gratuit les jours de march\u00e9<\/li><li>Mettre en place un service de transport \u00e0 la demande pour les seniors (rendez-vous m\u00e9dicaux, courses), faiblement on\u00e9reux ou gratuit, port\u00e9 par le Centre Communal d\u2019Action Sociale (CCAS)<\/li><li><strong>Amplifier le plan de d\u00e9veloppement <\/strong>des zones de rechargement des voitures \u00e9lectriques, en coordination avec la CPS, et faciliter leur stationnement<\/li><li><strong>Intervenir avec les communes avoisinantes<\/strong> pour une am\u00e9lioration des horaires du RER B (horaires du soir, pendant les weekends et vacances) et des conditions de transport (fiabilit\u00e9, propret\u00e9 du mat\u00e9riel, r\u00e9frig\u00e9ration \u2026 ).<\/li><li><strong>Participer au d\u00e9veloppement de syst\u00e8mes compl\u00e9mentaires<\/strong> (funiculaires, t\u00e9l\u00e9ph\u00e9riques\u2026 ) avec calendrier de mise en place \u00e0 moyen terme au niveau intercommunal et avec IDF Mobilit\u00e9s<\/li><\/ul>\n\n\n\n<figure class=\"wp-block-image size-large\"><img loading=\"lazy\" decoding=\"async\" width=\"1024\" height=\"275\" src=\"https:\/\/printemps-giffois.org\/wp-content\/uploads\/2020\/02\/image12-1024x275.png\" alt=\"\" class=\"wp-image-467\" srcset=\"https:\/\/printemps-giffois.org\/wp-content\/uploads\/2020\/02\/image12-1024x275.png 1024w, https:\/\/printemps-giffois.org\/wp-content\/uploads\/2020\/02\/image12-300x81.png 300w, https:\/\/printemps-giffois.org\/wp-content\/uploads\/2020\/02\/image12-768x206.png 768w, https:\/\/printemps-giffois.org\/wp-content\/uploads\/2020\/02\/image12.png 1191w\" sizes=\"auto, (max-width: 1024px) 100vw, 1024px\" \/><\/figure>\n","protected":false},"excerpt":{"rendered":"<p>MIEUX SE D\u00c9PLACER \u00c0 GIF La commune de Gif est une ville \u00e9tendue, peu dense, avec des paysages vari\u00e9s, avec des d\u00e9nivel\u00e9s importants. Les centres&hellip;<\/p>\n","protected":false},"author":634,"featured_media":36,"parent":0,"menu_order":0,"comment_status":"closed","ping_status":"closed","template":"","meta":{"_EventAllDay":false,"_EventTimezone":"","_EventStartDate":"","_EventEndDate":"","_EventStartDateUTC":"","_EventEndDateUTC":"","_EventShowMap":false,"_EventShowMapLink":false,"_EventURL":"","_EventCost":"","_EventCostDescription":"","_EventCurrencySymbol":"","_EventCurrencyCode":"","_EventCurrencyPosition":"","_EventDateTimeSeparator":"","_EventTimeRangeSeparator":"","_EventOrganizerID":[],"_EventVenueID":[],"_OrganizerEmail":"","_OrganizerPhone":"","_OrganizerWebsite":"","_VenueAddress":"","_VenueCity":"","_VenueCountry":"","_VenueProvince":"","_VenueState":"","_VenueZip":"","_VenuePhone":"","_VenueURL":"","_VenueStateProvince":"","_VenueLat":"","_VenueLng":"","_VenueShowMap":false,"_VenueShowMapLink":false,"footnotes":""},"class_list":["post-142","page","type-page","status-publish","has-post-thumbnail","hentry"],"yoast_head":"<!-- This site is optimized with the Yoast SEO plugin v22.4 - https:\/\/yoast.com\/wordpress\/plugins\/seo\/ -->\n<title>Mobilit\u00e9s - Printemps Giffois<\/title>\n<meta name=\"robots\" content=\"index, follow, max-snippet:-1, max-image-preview:large, max-video-preview:-1\" \/>\n<link rel=\"canonical\" href=\"https:\/\/printemps-giffois.org\/index.php\/mobilites\/\" \/>\n<meta property=\"og:locale\" content=\"fr_FR\" \/>\n<meta property=\"og:type\" content=\"article\" \/>\n<meta property=\"og:title\" content=\"Mobilit\u00e9s - Printemps Giffois\" \/>\n<meta property=\"og:description\" content=\"MIEUX SE D\u00c9PLACER \u00c0 GIF La commune de Gif est une ville \u00e9tendue, peu dense, avec des paysages vari\u00e9s, avec des d\u00e9nivel\u00e9s importants. Les centres&hellip;\" \/>\n<meta property=\"og:url\" content=\"https:\/\/printemps-giffois.org\/index.php\/mobilites\/\" \/>\n<meta property=\"og:site_name\" content=\"Printemps Giffois\" \/>\n<meta property=\"article:modified_time\" content=\"2021-02-09T06:34:11+00:00\" \/>\n<meta property=\"og:image\" content=\"https:\/\/printemps-giffois.org\/wp-content\/uploads\/2020\/01\/Gif_sur_Yvette_Avenue_du_General_Leclerc01-scaled.jpg\" \/>\n\t<meta property=\"og:image:width\" content=\"2560\" \/>\n\t<meta property=\"og:image:height\" content=\"1707\" \/>\n\t<meta property=\"og:image:type\" content=\"image\/jpeg\" \/>\n<meta name=\"twitter:card\" content=\"summary_large_image\" \/>\n<meta name=\"twitter:label1\" content=\"Dur\u00e9e de lecture estim\u00e9e\" \/>\n\t<meta name=\"twitter:data1\" content=\"3 minutes\" \/>\n<script type=\"application\/ld+json\" class=\"yoast-schema-graph\">{\"@context\":\"https:\/\/schema.org\",\"@graph\":[{\"@type\":\"WebPage\",\"@id\":\"https:\/\/printemps-giffois.org\/index.php\/mobilites\/\",\"url\":\"https:\/\/printemps-giffois.org\/index.php\/mobilites\/\",\"name\":\"Mobilit\u00e9s - Printemps Giffois\",\"isPartOf\":{\"@id\":\"https:\/\/printemps-giffois.org\/#website\"},\"primaryImageOfPage\":{\"@id\":\"https:\/\/printemps-giffois.org\/index.php\/mobilites\/#primaryimage\"},\"image\":{\"@id\":\"https:\/\/printemps-giffois.org\/index.php\/mobilites\/#primaryimage\"},\"thumbnailUrl\":\"https:\/\/printemps-giffois.org\/wp-content\/uploads\/2020\/01\/Gif_sur_Yvette_Avenue_du_General_Leclerc01-scaled.jpg\",\"datePublished\":\"2020-02-06T19:30:22+00:00\",\"dateModified\":\"2021-02-09T06:34:11+00:00\",\"breadcrumb\":{\"@id\":\"https:\/\/printemps-giffois.org\/index.php\/mobilites\/#breadcrumb\"},\"inLanguage\":\"fr-FR\",\"potentialAction\":[{\"@type\":\"ReadAction\",\"target\":[\"https:\/\/printemps-giffois.org\/index.php\/mobilites\/\"]}]},{\"@type\":\"ImageObject\",\"inLanguage\":\"fr-FR\",\"@id\":\"https:\/\/printemps-giffois.org\/index.php\/mobilites\/#primaryimage\",\"url\":\"https:\/\/printemps-giffois.org\/wp-content\/uploads\/2020\/01\/Gif_sur_Yvette_Avenue_du_General_Leclerc01-scaled.jpg\",\"contentUrl\":\"https:\/\/printemps-giffois.org\/wp-content\/uploads\/2020\/01\/Gif_sur_Yvette_Avenue_du_General_Leclerc01-scaled.jpg\",\"width\":2560,\"height\":1707,\"caption\":\"cerisiers de Gif en fleurs\"},{\"@type\":\"BreadcrumbList\",\"@id\":\"https:\/\/printemps-giffois.org\/index.php\/mobilites\/#breadcrumb\",\"itemListElement\":[{\"@type\":\"ListItem\",\"position\":1,\"name\":\"Accueil\",\"item\":\"https:\/\/printemps-giffois.org\/\"},{\"@type\":\"ListItem\",\"position\":2,\"name\":\"Mobilit\u00e9s\"}]},{\"@type\":\"WebSite\",\"@id\":\"https:\/\/printemps-giffois.org\/#website\",\"url\":\"https:\/\/printemps-giffois.org\/\",\"name\":\"Printemps Giffois\",\"description\":\"\u00c9cologie, D\u00e9mocratie, Solidarit\u00e9s\",\"publisher\":{\"@id\":\"https:\/\/printemps-giffois.org\/#organization\"},\"potentialAction\":[{\"@type\":\"SearchAction\",\"target\":{\"@type\":\"EntryPoint\",\"urlTemplate\":\"https:\/\/printemps-giffois.org\/?s={search_term_string}\"},\"query-input\":\"required name=search_term_string\"}],\"inLanguage\":\"fr-FR\"},{\"@type\":\"Organization\",\"@id\":\"https:\/\/printemps-giffois.org\/#organization\",\"name\":\"Printemps Giffois\",\"url\":\"https:\/\/printemps-giffois.org\/\",\"logo\":{\"@type\":\"ImageObject\",\"inLanguage\":\"fr-FR\",\"@id\":\"https:\/\/printemps-giffois.org\/#\/schema\/logo\/image\/\",\"url\":\"https:\/\/printemps-giffois.org\/wp-content\/uploads\/2020\/02\/cropped-cropped-logo-2-2.png\",\"contentUrl\":\"https:\/\/printemps-giffois.org\/wp-content\/uploads\/2020\/02\/cropped-cropped-logo-2-2.png\",\"width\":248,\"height\":248,\"caption\":\"Printemps Giffois\"},\"image\":{\"@id\":\"https:\/\/printemps-giffois.org\/#\/schema\/logo\/image\/\"}}]}<\/script>\n<!-- \/ Yoast SEO plugin. -->","yoast_head_json":{"title":"Mobilit\u00e9s - Printemps Giffois","robots":{"index":"index","follow":"follow","max-snippet":"max-snippet:-1","max-image-preview":"max-image-preview:large","max-video-preview":"max-video-preview:-1"},"canonical":"https:\/\/printemps-giffois.org\/index.php\/mobilites\/","og_locale":"fr_FR","og_type":"article","og_title":"Mobilit\u00e9s - Printemps Giffois","og_description":"MIEUX SE D\u00c9PLACER \u00c0 GIF La commune de Gif est une ville \u00e9tendue, peu dense, avec des paysages vari\u00e9s, avec des d\u00e9nivel\u00e9s importants. Les centres&hellip;","og_url":"https:\/\/printemps-giffois.org\/index.php\/mobilites\/","og_site_name":"Printemps Giffois","article_modified_time":"2021-02-09T06:34:11+00:00","og_image":[{"width":2560,"height":1707,"url":"https:\/\/printemps-giffois.org\/wp-content\/uploads\/2020\/01\/Gif_sur_Yvette_Avenue_du_General_Leclerc01-scaled.jpg","type":"image\/jpeg"}],"twitter_card":"summary_large_image","twitter_misc":{"Dur\u00e9e de lecture estim\u00e9e":"3 minutes"},"schema":{"@context":"https:\/\/schema.org","@graph":[{"@type":"WebPage","@id":"https:\/\/printemps-giffois.org\/index.php\/mobilites\/","url":"https:\/\/printemps-giffois.org\/index.php\/mobilites\/","name":"Mobilit\u00e9s - Printemps Giffois","isPartOf":{"@id":"https:\/\/printemps-giffois.org\/#website"},"primaryImageOfPage":{"@id":"https:\/\/printemps-giffois.org\/index.php\/mobilites\/#primaryimage"},"image":{"@id":"https:\/\/printemps-giffois.org\/index.php\/mobilites\/#primaryimage"},"thumbnailUrl":"https:\/\/printemps-giffois.org\/wp-content\/uploads\/2020\/01\/Gif_sur_Yvette_Avenue_du_General_Leclerc01-scaled.jpg","datePublished":"2020-02-06T19:30:22+00:00","dateModified":"2021-02-09T06:34:11+00:00","breadcrumb":{"@id":"https:\/\/printemps-giffois.org\/index.php\/mobilites\/#breadcrumb"},"inLanguage":"fr-FR","potentialAction":[{"@type":"ReadAction","target":["https:\/\/printemps-giffois.org\/index.php\/mobilites\/"]}]},{"@type":"ImageObject","inLanguage":"fr-FR","@id":"https:\/\/printemps-giffois.org\/index.php\/mobilites\/#primaryimage","url":"https:\/\/printemps-giffois.org\/wp-content\/uploads\/2020\/01\/Gif_sur_Yvette_Avenue_du_General_Leclerc01-scaled.jpg","contentUrl":"https:\/\/printemps-giffois.org\/wp-content\/uploads\/2020\/01\/Gif_sur_Yvette_Avenue_du_General_Leclerc01-scaled.jpg","width":2560,"height":1707,"caption":"cerisiers de Gif en fleurs"},{"@type":"BreadcrumbList","@id":"https:\/\/printemps-giffois.org\/index.php\/mobilites\/#breadcrumb","itemListElement":[{"@type":"ListItem","position":1,"name":"Accueil","item":"https:\/\/printemps-giffois.org\/"},{"@type":"ListItem","position":2,"name":"Mobilit\u00e9s"}]},{"@type":"WebSite","@id":"https:\/\/printemps-giffois.org\/#website","url":"https:\/\/printemps-giffois.org\/","name":"Printemps Giffois","description":"\u00c9cologie, D\u00e9mocratie, Solidarit\u00e9s","publisher":{"@id":"https:\/\/printemps-giffois.org\/#organization"},"potentialAction":[{"@type":"SearchAction","target":{"@type":"EntryPoint","urlTemplate":"https:\/\/printemps-giffois.org\/?s={search_term_string}"},"query-input":"required name=search_term_string"}],"inLanguage":"fr-FR"},{"@type":"Organization","@id":"https:\/\/printemps-giffois.org\/#organization","name":"Printemps Giffois","url":"https:\/\/printemps-giffois.org\/","logo":{"@type":"ImageObject","inLanguage":"fr-FR","@id":"https:\/\/printemps-giffois.org\/#\/schema\/logo\/image\/","url":"https:\/\/printemps-giffois.org\/wp-content\/uploads\/2020\/02\/cropped-cropped-logo-2-2.png","contentUrl":"https:\/\/printemps-giffois.org\/wp-content\/uploads\/2020\/02\/cropped-cropped-logo-2-2.png","width":248,"height":248,"caption":"Printemps Giffois"},"image":{"@id":"https:\/\/printemps-giffois.org\/#\/schema\/logo\/image\/"}}]}},"jetpack_sharing_enabled":true,"_links":{"self":[{"href":"https:\/\/printemps-giffois.org\/index.php\/wp-json\/wp\/v2\/pages\/142","targetHints":{"allow":["GET"]}}],"collection":[{"href":"https:\/\/printemps-giffois.org\/index.php\/wp-json\/wp\/v2\/pages"}],"about":[{"href":"https:\/\/printemps-giffois.org\/index.php\/wp-json\/wp\/v2\/types\/page"}],"author":[{"embeddable":true,"href":"https:\/\/printemps-giffois.org\/index.php\/wp-json\/wp\/v2\/users\/634"}],"replies":[{"embeddable":true,"href":"https:\/\/printemps-giffois.org\/index.php\/wp-json\/wp\/v2\/comments?post=142"}],"version-history":[{"count":12,"href":"https:\/\/printemps-giffois.org\/index.php\/wp-json\/wp\/v2\/pages\/142\/revisions"}],"predecessor-version":[{"id":826,"href":"https:\/\/printemps-giffois.org\/index.php\/wp-json\/wp\/v2\/pages\/142\/revisions\/826"}],"wp:featuredmedia":[{"embeddable":true,"href":"https:\/\/printemps-giffois.org\/index.php\/wp-json\/wp\/v2\/media\/36"}],"wp:attachment":[{"href":"https:\/\/printemps-giffois.org\/index.php\/wp-json\/wp\/v2\/media?parent=142"}],"curies":[{"name":"wp","href":"https:\/\/api.w.org\/{rel}","templated":true}]}}