{"id":10,"date":"2020-01-13T13:36:06","date_gmt":"2020-01-13T12:36:06","guid":{"rendered":"http:\/\/printemps-giffois.org\/?page_id=10"},"modified":"2026-04-16T11:32:49","modified_gmt":"2026-04-16T09:32:49","slug":"contact","status":"publish","type":"page","link":"https:\/\/printemps-giffois.org\/index.php\/accueil\/contact\/","title":{"rendered":"Nous contacter"},"content":{"rendered":"\n\n<div class=\"wpcf7 no-js\" id=\"wpcf7-f28-o1\" lang=\"fr-FR\" dir=\"ltr\">\n<div class=\"screen-reader-response\"><p role=\"status\" aria-live=\"polite\" aria-atomic=\"true\"><\/p> <ul><\/ul><\/div>\n<form action=\"\/index.php\/wp-json\/wp\/v2\/pages\/10#wpcf7-f28-o1\" method=\"post\" class=\"wpcf7-form init\" aria-label=\"Formulaire de contact\" novalidate=\"novalidate\" data-status=\"init\">\n<div style=\"display: none;\">\n<input type=\"hidden\" name=\"_wpcf7\" value=\"28\" \/>\n<input type=\"hidden\" name=\"_wpcf7_version\" value=\"5.9.3\" \/>\n<input type=\"hidden\" name=\"_wpcf7_locale\" value=\"fr_FR\" \/>\n<input type=\"hidden\" name=\"_wpcf7_unit_tag\" value=\"wpcf7-f28-o1\" \/>\n<input type=\"hidden\" name=\"_wpcf7_container_post\" value=\"0\" \/>\n<input type=\"hidden\" name=\"_wpcf7_posted_data_hash\" value=\"\" \/>\n<input type=\"hidden\" name=\"_wpcf7_recaptcha_response\" value=\"\" \/>\n<\/div>\n<p><label> Votre nom (obligatoire)<br \/>\n<span class=\"wpcf7-form-control-wrap\" data-name=\"your-name\"><input size=\"40\" class=\"wpcf7-form-control wpcf7-text wpcf7-validates-as-required\" aria-required=\"true\" aria-invalid=\"false\" value=\"\" type=\"text\" name=\"your-name\" \/><\/span> <\/label>\n<\/p>\n<p><label> Votre adresse de messagerie (obligatoire)<br \/>\n<span class=\"wpcf7-form-control-wrap\" data-name=\"your-email\"><input size=\"40\" class=\"wpcf7-form-control wpcf7-email wpcf7-validates-as-required wpcf7-text wpcf7-validates-as-email\" aria-required=\"true\" aria-invalid=\"false\" value=\"\" type=\"email\" name=\"your-email\" \/><\/span> <\/label>\n<\/p>\n<p><label> Objet<br \/>\n<span class=\"wpcf7-form-control-wrap\" data-name=\"your-subject\"><input size=\"40\" class=\"wpcf7-form-control wpcf7-text\" aria-invalid=\"false\" value=\"\" type=\"text\" name=\"your-subject\" \/><\/span> <\/label>\n<\/p>\n<p><label> Votre message<br \/>\n<span class=\"wpcf7-form-control-wrap\" data-name=\"your-message\"><textarea cols=\"40\" rows=\"10\" class=\"wpcf7-form-control wpcf7-textarea\" aria-invalid=\"false\" name=\"your-message\"><\/textarea><\/span> <\/label>\n<\/p>\n<p><input class=\"wpcf7-form-control wpcf7-submit has-spinner\" type=\"submit\" value=\"Envoyer\" \/>\n<\/p><div class=\"wpcf7-response-output\" aria-hidden=\"true\"><\/div>\n<\/form>\n<\/div>\n\n","protected":false},"excerpt":{"rendered":"","protected":false},"author":634,"featured_media":36,"parent":8,"menu_order":0,"comment_status":"closed","ping_status":"closed","template":"","meta":{"_EventAllDay":false,"_EventTimezone":"","_EventStartDate":"","_EventEndDate":"","_EventStartDateUTC":"","_EventEndDateUTC":"","_EventShowMap":false,"_EventShowMapLink":false,"_EventURL":"","_EventCost":"","_EventCostDescription":"","_EventCurrencySymbol":"","_EventCurrencyCode":"","_EventCurrencyPosition":"","_EventDateTimeSeparator":"","_EventTimeRangeSeparator":"","_EventOrganizerID":[],"_EventVenueID":[],"_OrganizerEmail":"","_OrganizerPhone":"","_OrganizerWebsite":"","_VenueAddress":"","_VenueCity":"","_VenueCountry":"","_VenueProvince":"","_VenueState":"","_VenueZip":"","_VenuePhone":"","_VenueURL":"","_VenueStateProvince":"","_VenueLat":"","_VenueLng":"","_VenueShowMap":false,"_VenueShowMapLink":false,"footnotes":""},"class_list":["post-10","page","type-page","status-publish","has-post-thumbnail","hentry"],"yoast_head":"<!-- This site is optimized with the Yoast SEO plugin v22.4 - https:\/\/yoast.com\/wordpress\/plugins\/seo\/ -->\n<title>Nous contacter - Printemps Giffois<\/title>\n<meta name=\"robots\" content=\"index, follow, max-snippet:-1, max-image-preview:large, max-video-preview:-1\" \/>\n<link rel=\"canonical\" href=\"https:\/\/printemps-giffois.org\/index.php\/accueil\/contact\/\" \/>\n<meta property=\"og:locale\" content=\"fr_FR\" \/>\n<meta property=\"og:type\" content=\"article\" \/>\n<meta property=\"og:title\" content=\"Nous contacter - Printemps Giffois\" \/>\n<meta property=\"og:url\" content=\"https:\/\/printemps-giffois.org\/index.php\/accueil\/contact\/\" \/>\n<meta property=\"og:site_name\" content=\"Printemps Giffois\" \/>\n<meta property=\"article:modified_time\" content=\"2026-04-16T09:32:49+00:00\" \/>\n<meta property=\"og:image\" content=\"https:\/\/printemps-giffois.org\/wp-content\/uploads\/2020\/01\/Gif_sur_Yvette_Avenue_du_General_Leclerc01-scaled.jpg\" \/>\n\t<meta property=\"og:image:width\" content=\"2560\" \/>\n\t<meta property=\"og:image:height\" content=\"1707\" \/>\n\t<meta property=\"og:image:type\" content=\"image\/jpeg\" \/>\n<meta name=\"twitter:card\" content=\"summary_large_image\" \/>\n<meta name=\"twitter:label1\" content=\"Dur\u00e9e de lecture estim\u00e9e\" \/>\n\t<meta name=\"twitter:data1\" content=\"1 minute\" \/>\n<script type=\"application\/ld+json\" class=\"yoast-schema-graph\">{\"@context\":\"https:\/\/schema.org\",\"@graph\":[{\"@type\":\"WebPage\",\"@id\":\"https:\/\/printemps-giffois.org\/index.php\/accueil\/contact\/\",\"url\":\"https:\/\/printemps-giffois.org\/index.php\/accueil\/contact\/\",\"name\":\"Nous contacter - Printemps Giffois\",\"isPartOf\":{\"@id\":\"https:\/\/printemps-giffois.org\/#website\"},\"primaryImageOfPage\":{\"@id\":\"https:\/\/printemps-giffois.org\/index.php\/accueil\/contact\/#primaryimage\"},\"image\":{\"@id\":\"https:\/\/printemps-giffois.org\/index.php\/accueil\/contact\/#primaryimage\"},\"thumbnailUrl\":\"https:\/\/printemps-giffois.org\/wp-content\/uploads\/2020\/01\/Gif_sur_Yvette_Avenue_du_General_Leclerc01-scaled.jpg\",\"datePublished\":\"2020-01-13T12:36:06+00:00\",\"dateModified\":\"2026-04-16T09:32:49+00:00\",\"breadcrumb\":{\"@id\":\"https:\/\/printemps-giffois.org\/index.php\/accueil\/contact\/#breadcrumb\"},\"inLanguage\":\"fr-FR\",\"potentialAction\":[{\"@type\":\"ReadAction\",\"target\":[\"https:\/\/printemps-giffois.org\/index.php\/accueil\/contact\/\"]}]},{\"@type\":\"ImageObject\",\"inLanguage\":\"fr-FR\",\"@id\":\"https:\/\/printemps-giffois.org\/index.php\/accueil\/contact\/#primaryimage\",\"url\":\"https:\/\/printemps-giffois.org\/wp-content\/uploads\/2020\/01\/Gif_sur_Yvette_Avenue_du_General_Leclerc01-scaled.jpg\",\"contentUrl\":\"https:\/\/printemps-giffois.org\/wp-content\/uploads\/2020\/01\/Gif_sur_Yvette_Avenue_du_General_Leclerc01-scaled.jpg\",\"width\":2560,\"height\":1707,\"caption\":\"cerisiers de Gif en fleurs\"},{\"@type\":\"BreadcrumbList\",\"@id\":\"https:\/\/printemps-giffois.org\/index.php\/accueil\/contact\/#breadcrumb\",\"itemListElement\":[{\"@type\":\"ListItem\",\"position\":1,\"name\":\"Accueil\",\"item\":\"https:\/\/printemps-giffois.org\/\"},{\"@type\":\"ListItem\",\"position\":2,\"name\":\"Accueil\",\"item\":\"https:\/\/printemps-giffois.org\/\"},{\"@type\":\"ListItem\",\"position\":3,\"name\":\"Nous contacter\"}]},{\"@type\":\"WebSite\",\"@id\":\"https:\/\/printemps-giffois.org\/#website\",\"url\":\"https:\/\/printemps-giffois.org\/\",\"name\":\"Printemps Giffois\",\"description\":\"\u00c9cologie, D\u00e9mocratie, Solidarit\u00e9s\",\"publisher\":{\"@id\":\"https:\/\/printemps-giffois.org\/#organization\"},\"potentialAction\":[{\"@type\":\"SearchAction\",\"target\":{\"@type\":\"EntryPoint\",\"urlTemplate\":\"https:\/\/printemps-giffois.org\/?s={search_term_string}\"},\"query-input\":\"required name=search_term_string\"}],\"inLanguage\":\"fr-FR\"},{\"@type\":\"Organization\",\"@id\":\"https:\/\/printemps-giffois.org\/#organization\",\"name\":\"Printemps Giffois\",\"url\":\"https:\/\/printemps-giffois.org\/\",\"logo\":{\"@type\":\"ImageObject\",\"inLanguage\":\"fr-FR\",\"@id\":\"https:\/\/printemps-giffois.org\/#\/schema\/logo\/image\/\",\"url\":\"https:\/\/printemps-giffois.org\/wp-content\/uploads\/2020\/02\/cropped-cropped-logo-2-2.png\",\"contentUrl\":\"https:\/\/printemps-giffois.org\/wp-content\/uploads\/2020\/02\/cropped-cropped-logo-2-2.png\",\"width\":248,\"height\":248,\"caption\":\"Printemps Giffois\"},\"image\":{\"@id\":\"https:\/\/printemps-giffois.org\/#\/schema\/logo\/image\/\"}}]}<\/script>\n<!-- \/ Yoast SEO plugin. -->","yoast_head_json":{"title":"Nous contacter - Printemps Giffois","robots":{"index":"index","follow":"follow","max-snippet":"max-snippet:-1","max-image-preview":"max-image-preview:large","max-video-preview":"max-video-preview:-1"},"canonical":"https:\/\/printemps-giffois.org\/index.php\/accueil\/contact\/","og_locale":"fr_FR","og_type":"article","og_title":"Nous contacter - Printemps Giffois","og_url":"https:\/\/printemps-giffois.org\/index.php\/accueil\/contact\/","og_site_name":"Printemps Giffois","article_modified_time":"2026-04-16T09:32:49+00:00","og_image":[{"width":2560,"height":1707,"url":"https:\/\/printemps-giffois.org\/wp-content\/uploads\/2020\/01\/Gif_sur_Yvette_Avenue_du_General_Leclerc01-scaled.jpg","type":"image\/jpeg"}],"twitter_card":"summary_large_image","twitter_misc":{"Dur\u00e9e de lecture estim\u00e9e":"1 minute"},"schema":{"@context":"https:\/\/schema.org","@graph":[{"@type":"WebPage","@id":"https:\/\/printemps-giffois.org\/index.php\/accueil\/contact\/","url":"https:\/\/printemps-giffois.org\/index.php\/accueil\/contact\/","name":"Nous contacter - Printemps Giffois","isPartOf":{"@id":"https:\/\/printemps-giffois.org\/#website"},"primaryImageOfPage":{"@id":"https:\/\/printemps-giffois.org\/index.php\/accueil\/contact\/#primaryimage"},"image":{"@id":"https:\/\/printemps-giffois.org\/index.php\/accueil\/contact\/#primaryimage"},"thumbnailUrl":"https:\/\/printemps-giffois.org\/wp-content\/uploads\/2020\/01\/Gif_sur_Yvette_Avenue_du_General_Leclerc01-scaled.jpg","datePublished":"2020-01-13T12:36:06+00:00","dateModified":"2026-04-16T09:32:49+00:00","breadcrumb":{"@id":"https:\/\/printemps-giffois.org\/index.php\/accueil\/contact\/#breadcrumb"},"inLanguage":"fr-FR","potentialAction":[{"@type":"ReadAction","target":["https:\/\/printemps-giffois.org\/index.php\/accueil\/contact\/"]}]},{"@type":"ImageObject","inLanguage":"fr-FR","@id":"https:\/\/printemps-giffois.org\/index.php\/accueil\/contact\/#primaryimage","url":"https:\/\/printemps-giffois.org\/wp-content\/uploads\/2020\/01\/Gif_sur_Yvette_Avenue_du_General_Leclerc01-scaled.jpg","contentUrl":"https:\/\/printemps-giffois.org\/wp-content\/uploads\/2020\/01\/Gif_sur_Yvette_Avenue_du_General_Leclerc01-scaled.jpg","width":2560,"height":1707,"caption":"cerisiers de Gif en fleurs"},{"@type":"BreadcrumbList","@id":"https:\/\/printemps-giffois.org\/index.php\/accueil\/contact\/#breadcrumb","itemListElement":[{"@type":"ListItem","position":1,"name":"Accueil","item":"https:\/\/printemps-giffois.org\/"},{"@type":"ListItem","position":2,"name":"Accueil","item":"https:\/\/printemps-giffois.org\/"},{"@type":"ListItem","position":3,"name":"Nous contacter"}]},{"@type":"WebSite","@id":"https:\/\/printemps-giffois.org\/#website","url":"https:\/\/printemps-giffois.org\/","name":"Printemps Giffois","description":"\u00c9cologie, D\u00e9mocratie, Solidarit\u00e9s","publisher":{"@id":"https:\/\/printemps-giffois.org\/#organization"},"potentialAction":[{"@type":"SearchAction","target":{"@type":"EntryPoint","urlTemplate":"https:\/\/printemps-giffois.org\/?s={search_term_string}"},"query-input":"required name=search_term_string"}],"inLanguage":"fr-FR"},{"@type":"Organization","@id":"https:\/\/printemps-giffois.org\/#organization","name":"Printemps Giffois","url":"https:\/\/printemps-giffois.org\/","logo":{"@type":"ImageObject","inLanguage":"fr-FR","@id":"https:\/\/printemps-giffois.org\/#\/schema\/logo\/image\/","url":"https:\/\/printemps-giffois.org\/wp-content\/uploads\/2020\/02\/cropped-cropped-logo-2-2.png","contentUrl":"https:\/\/printemps-giffois.org\/wp-content\/uploads\/2020\/02\/cropped-cropped-logo-2-2.png","width":248,"height":248,"caption":"Printemps Giffois"},"image":{"@id":"https:\/\/printemps-giffois.org\/#\/schema\/logo\/image\/"}}]}},"jetpack_sharing_enabled":true,"_links":{"self":[{"href":"https:\/\/printemps-giffois.org\/index.php\/wp-json\/wp\/v2\/pages\/10","targetHints":{"allow":["GET"]}}],"collection":[{"href":"https:\/\/printemps-giffois.org\/index.php\/wp-json\/wp\/v2\/pages"}],"about":[{"href":"https:\/\/printemps-giffois.org\/index.php\/wp-json\/wp\/v2\/types\/page"}],"author":[{"embeddable":true,"href":"https:\/\/printemps-giffois.org\/index.php\/wp-json\/wp\/v2\/users\/634"}],"replies":[{"embeddable":true,"href":"https:\/\/printemps-giffois.org\/index.php\/wp-json\/wp\/v2\/comments?post=10"}],"version-history":[{"count":2,"href":"https:\/\/printemps-giffois.org\/index.php\/wp-json\/wp\/v2\/pages\/10\/revisions"}],"predecessor-version":[{"id":34,"href":"https:\/\/printemps-giffois.org\/index.php\/wp-json\/wp\/v2\/pages\/10\/revisions\/34"}],"up":[{"embeddable":true,"href":"https:\/\/printemps-giffois.org\/index.php\/wp-json\/wp\/v2\/pages\/8"}],"wp:featuredmedia":[{"embeddable":true,"href":"https:\/\/printemps-giffois.org\/index.php\/wp-json\/wp\/v2\/media\/36"}],"wp:attachment":[{"href":"https:\/\/printemps-giffois.org\/index.php\/wp-json\/wp\/v2\/media?parent=10"}],"curies":[{"name":"wp","href":"https:\/\/api.w.org\/{rel}","templated":true}]}}